 k(1)?
0
Let h = -149 + 151. Suppose 489 = c + h*c. What is the hundreds digit of c?
1
Suppose -3*c + 1 = -5. Suppose 104 = c*n - 2*l, l + 20 = -n + 82. Suppose 54*z + 744 = n*z. What is the tens digit of z?
4
Let a(j) = -1747*j + 1155. What is the units digit of a(-6)?
7
Let p = 4654 + -1600. What is the hundreds digit of p?
0
Let i(v) = 4396*v**2 + 90*v - 2. What is the units digit of i(-1)?
4
Suppose 24*h - 27*h + 54 = 0. Suppose 8*a + 11860 = h*a. What is the thousands digit of a?
1
Let g(i) be the second derivative of -i**5/20 - 4*i**4/3 + 11*i**3/3 + 4*i**2 + 3*i. Let q be g(-18). Let v = -142 + q. What is the hundreds digit of v?
1
Let m(f) = -2 - 27 + 21*f - 11. Let y = 1833 - 1823. What is the tens digit of m(y)?
7
Suppose 30 = 3*i + 3*v, -3*i + 20 = -i - 4*v. Suppose -14*n + 92 = -i*n. What is the units digit of (5 + -1)*n/2?
6
Suppose -2*y = -5*l + 95, -l + 3*y + 13 + 6 = 0. Suppose -l*r = -18*r + 3. What is the units digit of (-4 - r)/((-2)/6)?
3
Let l = 311 + 136. Suppose -p - l = -3*t + 568, 4*t + p = 1344. What is the tens digit of t?
3
Let m = -71 - -75. Suppose 3*q - 35 = m*x + x, -2*q = x - 6. Suppose q - 49 = -2*b - p, 0 = -2*b + 3*p + 60. What is the units digit of b?
4
Let t = 41 - 50. Let s be (0 + 5)*t/(90/(-344)). Suppose -i + 2*c = 53 - s, -3*i + 5*c = -355. What is the units digit of i?
5
Let b(d) = -2*d**3 - 9*d**2 + 10*d + 10. Let l be b(-6). Let n be (1 - 0) + 4 + -2. Suppose 34 = n*i - 5*u - l, 0 = -i - u + 20. What is the units digit of i?
4
What is the hundreds digit of (21 - 396/16)/((-6)/6520)?
0
Let b(k) = k**3 - 19*k**2 - 3*k + 54. Let i be b(19). Let m(t) be the first derivative of -19*t**2/2 - t - 20. What is the units digit of m(i)?
6
Let q(t) = -t**3 + 12*t**2 - 5*t - 22. Let u be q(10). Suppose 4*p = 616 - u. What is the tens digit of p?
2
Let n(y) = 18*y**2 + 71*y - 110. What is the tens digit of n(24)?
6
Let f(g) = 26*g**3 + 4*g**2 - 9*g + 7. Let w be f(2). What is the tens digit of 3/(18/w)*10?
5
Let y(t) = -61*t - 76*t + 49*t - 10. What is the thousands digit of y(-12)?
1
Let o = -45 - -53. Let l be 3/21*73 + o/14. Suppose 2*n - 4*c = 36, -29 = -n + c - l. What is the tens digit of n?
1
Let m(k) = 4*k**2 + 8*k - 20. Let r be 0 - 1 - (149 - 9). Let t = r - -147. What is the units digit of m(t)?
2
Let m(p) = -p**3 - 2*p + 1. Let b be m(1). Let k be ((-21)/28)/(b/(-8)). What is the hundreds digit of 148 - (-1 - k) - (5 - 8)?
1
Suppose -551 + 125 = -n + 2*p, 3*n - p - 1263 = 0. Suppose -3*f + n = s, -f + 3*s + 13 = -117. Let k = -82 + f. What is the tens digit of k?
5
Let k = -40 + 45. Suppose 2*j + 51 = k*a, -4*j + 2*a + 48 = -5*j. Let q = 105 + j. What is the units digit of q?
7
Let q be (36/(-16))/(12/32). Let v be q/4 + ((-33)/(-2))/11. Suppose v = -6*x + x - p + 90, -2*x + 39 = p. What is the units digit of x?
7
Let o = 13 - 8. Suppose 3*b - 876 = -4*n, -3*b - o*n + 0*n = -876. Suppose 4*i = 2*x + b, -4*i - 5*x = -0*x - 292. What is the tens digit of i?
7
Let v(f) = 9*f**2 + 10*f + 27. Let b be v(9). Suppose -h - b = -3*h. What is the units digit of h?
3
Let f = -21 + -60. Let h be (4/(-9))/(18/f). Suppose -h*s = -3*g + g + 416, -4*s - 217 = -g. What is the tens digit of g?
0
Let f be (-231 - -12)*(-5)/3. Suppose 26 = 3*c + c - 2*u, 0 = -c - 2*u - 6. Suppose -2*x - f = -3*s, c*s - 468 = -2*x - 0*x. What is the units digit of s?
9
Let w(z) = -326*z + 979. What is the hundreds digit of w(-56)?
2
Let v(u) = -2*u**3 + 12*u**2 - 15*u + 14. Let l be v(8). Let i = l + 538. What is the hundreds digit of i?
1
Let s(g) = -7*g**3 + 22*g**2 + 46*g + 371. What is the thousands digit of s(-10)?
9
Let n be (2/(-1) + -1)*(-1 + -1). Suppose n*u = 2*u + 2068. Suppose -3*b = -0*y + 2*y - u, 0 = -3*b - 3*y + 519. What is the tens digit of b?
7
Let a(v) = -9*v + 83. Let j(w) = -w - 1. Let i(x) = 3*x - 90. Let b(m) = -i(m) + 6*j(m). Let k(c) = -5*a(c) + 4*b(c). What is the tens digit of k(24)?
3
Let q be (10/6)/((-12)/612). Let w = q - -570. What is the tens digit of w?
8
Suppose -2 = 2*r, 2*y + 2*r = 3 + 5. Let f = -1 + y. Suppose 5*b - 2*v + f*v - 246 = 0, 3*b - 3*v = 135. What is the tens digit of b?
4
Suppose -3*s - 258 = -888. Suppose q - 2*q = -s. What is the units digit of q?
0
Suppose -2*m + 7763 = 10*p - 5*p, 3*m - 11637 = -5*p. What is the hundreds digit of m?
8
Suppose 30632 - 30878 = 41*j - 86633. What is the hundreds digit of j?
1
Suppose -144*d + 59543 = 26560 - 87977. What is the units digit of d?
0
Suppose 10*s + 647 = -363. Let z = s + 101. Suppose -57 = -z*l - l + 2*t, -t = 3. What is the units digit of l?
1
What is the tens digit of (-2421510)/(-72) + 13/(-156)?
3
Let x(v) = -2*v**2 + 33*v - 24. Let j be x(16). Let h = 11 + j. What is the units digit of h?
3
Let x = 2088 + -133. Suppose -5*g - 5*h + x = 0, -34*g = -29*g - 3*h - 1947. What is the hundreds digit of g?
3
Suppose 6*x - 12 = 18. What is the hundreds digit of (2512/24)/(((-20)/(-12))/x)?
3
Suppose -49*c = 22*c - 251411. What is the units digit of c?
1
Suppose 2*k + 41130 = 2*d, -179*d + 177*d = 4*k - 41082. What is the ten thousands digit of d?
2
Suppose -20*f + 109889 = -18131. What is the hundreds digit of f?
4
Suppose -17*q + 317 + 57 = 0. What is the tens digit of (5 - q)/(12/(-1296))?
3
Suppose -4 = 2*f + 2*j - 28, -j + 57 = 4*f. What is the units digit of -3*(-4805)/f + 2?
3
Suppose o - 4*o - 51 = 0. Let h = o + 87. Let q = -6 + h. What is the units digit of q?
4
Let q be (-2270)/10 + -1*7. Let y = q - -871. What is the tens digit of y?
3
What is the thousands digit of -13 + 790855/13 - -8?
0
Let c be (2/(6/(-1947)))/(-1) - 4. Suppose 7*j - c = 2*j. What is the tens digit of j?
2
Let d = -38362 - -64460. What is the hundreds digit of d?
0
What is the tens digit of 13/26 + -58966*(-3 + (-33)/(-12))?
4
Let m(f) = 2*f - 9. Let g be m(6). Suppose 79*l = -31*l + 330. Suppose g*o + y = o + 37, 9 = l*y. What is the tens digit of o?
1
Suppose 0 = -2*j - 93 - 27. Let p = j + 58. What is the units digit of (p*93 + -4)*2/(-4)?
5
Let b(y) be the first derivative of y**4/4 + 13*y**3/3 + 21*y**2/2 + 9*y + 17. Let f be b(-11). Suppose 22*m - 140 = f*m. What is the units digit of m?
0
Suppose 4*x - 50284 = -4*m, 32619 = -5*x + m + 95504. What is the ten thousands digit of x?
1
Let m = 34 + -31. Suppose 2*r + 702 = 2*u, 2*u + m*u + r - 1779 = 0. What is the units digit of u?
5
Let m = 12 + -8. Suppose -192*d - 45 = -201*d. Suppose 12 = -3*z, d*c + m*z - 568 = c. What is the tens digit of c?
4
Suppose -3*t = t - 4*y + 32, 0 = -3*t - y - 28. What is the tens digit of 177 + (t/(-6) - (-15)/(-6))?
7
Let a = 32025 + 3776. What is the thousands digit of a?
5
Let g = -459 + 803. Suppose 4*c - 1700 = -5*m, c + c = -3*m + 1018. Suppose 4*f = -0*f - q + g, -4*f + q = -m. What is the units digit of f?
5
Let h(n) = -413*n**2 - 4*n - 4. Let r be h(-2). Let c = r + 2738. What is the units digit of c?
0
Suppose 1451 = 2*m - 3*l + 4*l, -2*l = 6. Suppose m + 4356 = 17*u. Let g = u - 119. What is the hundreds digit of g?
1
Let m(s) = -2*s + 11. Let b be m(-13). Let l = 40 - b. Suppose -f - 159 = -l*f - q, q = -5. What is the tens digit of f?
8
Let w be -1*(4 - 5)*(-2 + 2). Suppose -6*f - 19*f + 21775 = w. What is the hundreds digit of f?
8
Let x = 9 - 5. Let r(l) = 4*l - 1. Let u be r(x). Let b(k) = k**2 - 12*k + 19. What is the tens digit of b(u)?
6
Suppose -3*w + 1650 = 4*n, -4*n + 4*w = -246 - 1390. Suppose 4*h - n = -2*x + 397, -798 = -2*x - 2*h. What is the tens digit of x?
9
Suppose -2*o + 31073 = -5*m, -2*o - 18059 = 4*m - 49177. What is the ten thousands digit of o?
1
Let f = 19710 + 4352. What is the thousands digit of f?
4
Suppose -3 = 2*s - 109. Let t = -87 - s. What is the units digit of 8/(-14) - 12540/t?
9
Suppose -3*k + 47 = 38. Suppose -k*l + 10 = 7, u - 4*l - 92 = 0. What is the units digit of u?
6
Let l = -1549 + 912. Let m = 901 + l. Let p = -161 + m. What is the hundreds digit of p?
1
Let n = 60 + 50. Suppose 42*s = 14*s + 140. Suppose -h - 7*v + 13 = -3*v, -n = -5*h - s*v. What is the units digit of h?
5
Suppose -2*y + 4 = 4*p, 6 + 13 = 5*y + p. Suppose -y*s + 1387 + 637 = 0. What is the units digit of s?
6
Suppose 0 = -h - 4*h + 2*h. Suppose -8*j + 6*j + 244 = h. What is the tens digit of j?
2
Suppose 0 = -3*k + 7 + 11. Let o(j) = -j**3 + 3*j